{"id":698,"date":"2024-11-28T19:42:31","date_gmt":"2024-11-28T18:42:31","guid":{"rendered":"https:\/\/echternacherbrueck.info\/?page_id=698"},"modified":"2025-01-12T13:20:48","modified_gmt":"2025-01-12T12:20:48","slug":"oep","status":"publish","type":"page","link":"https:\/\/echternacherbrueck.info\/?page_id=698","title":{"rendered":"\u00d6ffentlicher Nahverkehr"},"content":{"rendered":"\t\t<div data-elementor-type=\"wp-page\" data-elementor-id=\"698\" class=\"elementor elementor-698\" data-elementor-post-type=\"page\">\n\t\t\t\t<div class=\"elementor-element elementor-element-92b35be e-con-full e-flex e-con e-parent\" data-id=\"92b35be\" data-element_type=\"container\" data-e-type=\"container\">\n\t\t<div class=\"elementor-element elementor-element-200cdd6 e-con-full e-flex e-con e-child\" data-id=\"200cdd6\" data-element_type=\"container\" data-e-type=\"container\">\n\t\t\t\t<div class=\"elementor-element elementor-element-74590c2 elementor-widget elementor-widget-heading\" data-id=\"74590c2\" data-element_type=\"widget\" data-e-type=\"widget\" data-widget_type=\"heading.default\">\n\t\t\t\t<div class=\"elementor-widget-container\">\n\t\t\t\t\t<h2 class=\"elementor-heading-title elementor-size-default\">Kostenfrei in die Weltstadt Luxembourg<\/h2>\t\t\t\t<\/div>\n\t\t\t\t<\/div>\n\t\t\t\t<\/div>\n\t\t\t\t<\/div>\n\t\t<div class=\"elementor-element elementor-element-395fe1d e-flex e-con-boxed e-con e-parent\" data-id=\"395fe1d\" data-element_type=\"container\" data-e-type=\"container\">\n\t\t\t\t\t<div class=\"e-con-inner\">\n\t\t\t\t<div class=\"elementor-element elementor-element-6750805 elementor-widget elementor-widget-heading\" data-id=\"6750805\" data-element_type=\"widget\" data-e-type=\"widget\" data-widget_type=\"heading.default\">\n\t\t\t\t<div class=\"elementor-widget-container\">\n\t\t\t\t\t<h3 class=\"elementor-heading-title elementor-size-default\">Immer mobil \u2013 Ihr \u00f6ffentlicher Nahverkehr vor Ort<\/h3>\t\t\t\t<\/div>\n\t\t\t\t<\/div>\n\t\t<div class=\"elementor-element elementor-element-6b15f16 e-con-full e-flex e-con e-child\" data-id=\"6b15f16\" data-element_type=\"container\" data-e-type=\"container\">\n\t\t\t\t<div class=\"elementor-element elementor-element-3769136 elementor-widget elementor-widget-text-editor\" data-id=\"3769136\" data-element_type=\"widget\" data-e-type=\"widget\" data-widget_type=\"text-editor.default\">\n\t\t\t\t<div class=\"elementor-widget-container\">\n\t\t\t\t\t\t\t\t\t<p><span style=\"text-decoration: underline;\"><strong>Sch\u00f6n, dass Sie hier sind!<\/strong><\/span><\/p><p><strong>Planen Sie Ihre n\u00e4chste Fahrt einfach und schnell!<\/strong><br \/>Durch Klicken auf die Buttons gelangen Sie direkt zu den Webseiten der \u00f6ffentlichen Verkehrsmittel in Deutschland und Luxemburg, wo Sie Ihre gew\u00fcnschten Fahrten und Verbindungen eingeben k\u00f6nnen.<br \/>In Luxemburg ist der \u00f6ffentliche Nahverkehr kostenfrei \u2013 das bedeutet, Sie k\u00f6nnen alle Busse, Stra\u00dfenbahnen und Z\u00fcge im ganzen Land ohne Ticketgeb\u00fchren nutzen. Einfach einsteigen und losfahren!<br \/>In Deutschland hingegen ist der \u00f6ffentliche Nahverkehr in der Regel kostenpflichtig. Auf den jeweiligen Webseiten k\u00f6nnen Sie bequem Ihre Reiseverbindung planen und die passenden Tickets f\u00fcr Busse, Bahnen und Z\u00fcge kaufen. Die Preise variieren je nach Region und Tarif, sodass Sie die besten Optionen f\u00fcr Ihre Reise finden k\u00f6nnen.<\/p>\t\t\t\t\t\t\t\t<\/div>\n\t\t\t\t<\/div>\n\t\t\t\t<\/div>\n\t\t\t\t\t<\/div>\n\t\t\t\t<\/div>\n\t\t<div class=\"elementor-element elementor-element-d821077 e-flex e-con-boxed e-con e-parent\" data-id=\"d821077\" data-element_type=\"container\" data-e-type=\"container\">\n\t\t\t\t\t<div class=\"e-con-inner\">\n\t\t<div class=\"elementor-element elementor-element-f934bbb e-con-full e-flex e-con e-child\" data-id=\"f934bbb\" data-element_type=\"container\" data-e-type=\"container\">\n\t\t\t\t<div class=\"elementor-element elementor-element-697c96c elementor-widget elementor-widget-heading\" data-id=\"697c96c\" data-element_type=\"widget\" data-e-type=\"widget\" data-widget_type=\"heading.default\">\n\t\t\t\t<div class=\"elementor-widget-container\">\n\t\t\t\t\t<h5 class=\"elementor-heading-title elementor-size-default\">Echternacherbr\u00fcck (D)<\/h5>\t\t\t\t<\/div>\n\t\t\t\t<\/div>\n\t\t\t\t<div class=\"elementor-element elementor-element-b2f11de elementor-widget elementor-widget-image\" data-id=\"b2f11de\" data-element_type=\"widget\" data-e-type=\"widget\" data-widget_type=\"image.default\">\n\t\t\t\t<div class=\"elementor-widget-container\">\n\t\t\t\t\t\t\t\t\t\t\t\t\t\t\t<img decoding=\"async\" width=\"300\" height=\"99\" src=\"https:\/\/echternacherbrueck.info\/wp-content\/uploads\/2025\/01\/VRT-300x99.png\" class=\"attachment-medium size-medium wp-image-2588\" alt=\"\" srcset=\"https:\/\/echternacherbrueck.info\/wp-content\/uploads\/2025\/01\/VRT-300x99.png 300w, https:\/\/echternacherbrueck.info\/wp-content\/uploads\/2025\/01\/VRT-768x253.png 768w, https:\/\/echternacherbrueck.info\/wp-content\/uploads\/2025\/01\/VRT-600x198.png 600w, https:\/\/echternacherbrueck.info\/wp-content\/uploads\/2025\/01\/VRT.png 774w\" sizes=\"(max-width: 300px) 100vw, 300px\" \/>\t\t\t\t\t\t\t\t\t\t\t\t\t\t\t<\/div>\n\t\t\t\t<\/div>\n\t\t\t\t<div class=\"elementor-element elementor-element-ace805c elementor-widget elementor-widget-text-editor\" data-id=\"ace805c\" data-element_type=\"widget\" data-e-type=\"widget\" data-widget_type=\"text-editor.default\">\n\t\t\t\t<div class=\"elementor-widget-container\">\n\t\t\t\t\t\t\t\t\t<strong><\/strong><br>\t\t\t\t\t\t\t\t<\/div>\n\t\t\t\t<\/div>\n\t\t\t\t<div class=\"elementor-element elementor-element-fcad2ff elementor-align-center elementor-button-info elementor-invisible elementor-widget elementor-widget-button\" data-id=\"fcad2ff\" data-element_type=\"widget\" data-e-type=\"widget\" data-settings=\"{&quot;_animation&quot;:&quot;fadeIn&quot;}\" data-widget_type=\"button.default\">\n\t\t\t\t<div class=\"elementor-widget-container\">\n\t\t\t\t\t\t\t\t\t<div class=\"elementor-button-wrapper\">\n\t\t\t\t\t<a class=\"elementor-button elementor-button-link elementor-size-sm elementor-animation-grow\" href=\"https:\/\/www.vrt-info.de\/fahrplanauskunft\/XSLT_TRIP_REQUEST2?language=de&#038;itdLPxx_contractor=vrt\" target=\"_blank\">\n\t\t\t\t\t\t<span class=\"elementor-button-content-wrapper\">\n\t\t\t\t\t\t<span class=\"elementor-button-icon\">\n\t\t\t\t<svg aria-hidden=\"true\" class=\"e-font-icon-svg e-fas-bus\" viewBox=\"0 0 512 512\" xmlns=\"http:\/\/www.w3.org\/2000\/svg\"><path d=\"M488 128h-8V80c0-44.8-99.2-80-224-80S32 35.2 32 80v48h-8c-13.25 0-24 10.74-24 24v80c0 13.25 10.75 24 24 24h8v160c0 17.67 14.33 32 32 32v32c0 17.67 14.33 32 32 32h32c17.67 0 32-14.33 32-32v-32h192v32c0 17.67 14.33 32 32 32h32c17.67 0 32-14.33 32-32v-32h6.4c16 0 25.6-12.8 25.6-25.6V256h8c13.25 0 24-10.75 24-24v-80c0-13.26-10.75-24-24-24zM112 400c-17.67 0-32-14.33-32-32s14.33-32 32-32 32 14.33 32 32-14.33 32-32 32zm16-112c-17.67 0-32-14.33-32-32V128c0-17.67 14.33-32 32-32h256c17.67 0 32 14.33 32 32v128c0 17.67-14.33 32-32 32H128zm272 112c-17.67 0-32-14.33-32-32s14.33-32 32-32 32 14.33 32 32-14.33 32-32 32z\"><\/path><\/svg>\t\t\t<\/span>\n\t\t\t\t\t\t\t\t\t<span class=\"elementor-button-text\">Echternacherbr\u00fcck ...<\/span>\n\t\t\t\t\t<\/span>\n\t\t\t\t\t<\/a>\n\t\t\t\t<\/div>\n\t\t\t\t\t\t\t\t<\/div>\n\t\t\t\t<\/div>\n\t\t\t\t<\/div>\n\t\t<div class=\"elementor-element elementor-element-33531cc e-con-full e-flex e-con e-child\" data-id=\"33531cc\" data-element_type=\"container\" data-e-type=\"container\">\n\t\t\t\t<div class=\"elementor-element elementor-element-4eab3a0 elementor-widget elementor-widget-heading\" data-id=\"4eab3a0\" data-element_type=\"widget\" data-e-type=\"widget\" data-widget_type=\"heading.default\">\n\t\t\t\t<div class=\"elementor-widget-container\">\n\t\t\t\t\t<h5 class=\"elementor-heading-title elementor-size-default\">Echternach (L)<\/h5>\t\t\t\t<\/div>\n\t\t\t\t<\/div>\n\t\t\t\t<div class=\"elementor-element elementor-element-3cfb4f5 elementor-widget elementor-widget-image\" data-id=\"3cfb4f5\" data-element_type=\"widget\" data-e-type=\"widget\" data-widget_type=\"image.default\">\n\t\t\t\t<div class=\"elementor-widget-container\">\n\t\t\t\t\t\t\t\t\t\t\t\t\t\t\t<img decoding=\"async\" width=\"300\" height=\"108\" src=\"https:\/\/echternacherbrueck.info\/wp-content\/uploads\/2025\/01\/mobilitaet-300x108.png\" class=\"attachment-medium size-medium wp-image-2586\" alt=\"\" srcset=\"https:\/\/echternacherbrueck.info\/wp-content\/uploads\/2025\/01\/mobilitaet-300x108.png 300w, https:\/\/echternacherbrueck.info\/wp-content\/uploads\/2025\/01\/mobilitaet-768x277.png 768w, https:\/\/echternacherbrueck.info\/wp-content\/uploads\/2025\/01\/mobilitaet-600x217.png 600w, https:\/\/echternacherbrueck.info\/wp-content\/uploads\/2025\/01\/mobilitaet.png 811w\" sizes=\"(max-width: 300px) 100vw, 300px\" \/>\t\t\t\t\t\t\t\t\t\t\t\t\t\t\t<\/div>\n\t\t\t\t<\/div>\n\t\t\t\t<div class=\"elementor-element elementor-element-841334e elementor-widget elementor-widget-text-editor\" data-id=\"841334e\" data-element_type=\"widget\" data-e-type=\"widget\" data-widget_type=\"text-editor.default\">\n\t\t\t\t<div class=\"elementor-widget-container\">\n\t\t\t\t\t\t\t\t\t<p><strong>Der \u00f6ffentliche Nahverkehr in Luxemburg ist kostenfrei!<\/strong><\/p>\t\t\t\t\t\t\t\t<\/div>\n\t\t\t\t<\/div>\n\t\t\t\t<div class=\"elementor-element elementor-element-c3ef108 elementor-button-info elementor-align-center elementor-widget elementor-widget-button\" data-id=\"c3ef108\" data-element_type=\"widget\" data-e-type=\"widget\" data-widget_type=\"button.default\">\n\t\t\t\t<div class=\"elementor-widget-container\">\n\t\t\t\t\t\t\t\t\t<div class=\"elementor-button-wrapper\">\n\t\t\t\t\t<a class=\"elementor-button elementor-button-link elementor-size-sm elementor-animation-grow\" href=\"https:\/\/www.mobiliteit.lu\/de\/route-planen\/\" target=\"_blank\">\n\t\t\t\t\t\t<span class=\"elementor-button-content-wrapper\">\n\t\t\t\t\t\t<span class=\"elementor-button-icon\">\n\t\t\t\t<svg aria-hidden=\"true\" class=\"e-font-icon-svg e-fas-bus\" viewBox=\"0 0 512 512\" xmlns=\"http:\/\/www.w3.org\/2000\/svg\"><path d=\"M488 128h-8V80c0-44.8-99.2-80-224-80S32 35.2 32 80v48h-8c-13.25 0-24 10.74-24 24v80c0 13.25 10.75 24 24 24h8v160c0 17.67 14.33 32 32 32v32c0 17.67 14.33 32 32 32h32c17.67 0 32-14.33 32-32v-32h192v32c0 17.67 14.33 32 32 32h32c17.67 0 32-14.33 32-32v-32h6.4c16 0 25.6-12.8 25.6-25.6V256h8c13.25 0 24-10.75 24-24v-80c0-13.26-10.75-24-24-24zM112 400c-17.67 0-32-14.33-32-32s14.33-32 32-32 32 14.33 32 32-14.33 32-32 32zm16-112c-17.67 0-32-14.33-32-32V128c0-17.67 14.33-32 32-32h256c17.67 0 32 14.33 32 32v128c0 17.67-14.33 32-32 32H128zm272 112c-17.67 0-32-14.33-32-32s14.33-32 32-32 32 14.33 32 32-14.33 32-32 32z\"><\/path><\/svg>\t\t\t<\/span>\n\t\t\t\t\t\t\t\t\t<span class=\"elementor-button-text\">Echternach ....<\/span>\n\t\t\t\t\t<\/span>\n\t\t\t\t\t<\/a>\n\t\t\t\t<\/div>\n\t\t\t\t\t\t\t\t<\/div>\n\t\t\t\t<\/div>\n\t\t\t\t<\/div>\n\t\t\t\t\t<\/div>\n\t\t\t\t<\/div>\n\t\t<div class=\"elementor-element elementor-element-786e2a2 e-flex e-con-boxed e-con e-parent\" data-id=\"786e2a2\" data-element_type=\"container\" data-e-type=\"container\">\n\t\t\t\t\t<div class=\"e-con-inner\">\n\t\t\t\t<div class=\"elementor-element elementor-element-e793a2f elementor-widget elementor-widget-spacer\" data-id=\"e793a2f\" data-element_type=\"widget\" data-e-type=\"widget\" data-widget_type=\"spacer.default\">\n\t\t\t\t<div class=\"elementor-widget-container\">\n\t\t\t\t\t\t\t<div class=\"elementor-spacer\">\n\t\t\t<div class=\"elementor-spacer-inner\"><\/div>\n\t\t<\/div>\n\t\t\t\t\t\t<\/div>\n\t\t\t\t<\/div>\n\t\t\t\t\t<\/div>\n\t\t\t\t<\/div>\n\t\t\t\t<\/div>\n\t\t","protected":false},"excerpt":{"rendered":"<p>Kostenfrei in die Weltstadt Luxembourg Immer mobil \u2013 Ihr \u00f6ffentlicher Nahverkehr vor Ort Sch\u00f6n, dass Sie hier sind! Planen Sie Ihre n\u00e4chste Fahrt einfach und schnell!Durch Klicken auf die Buttons gelangen Sie direkt zu den Webseiten der \u00f6ffentlichen Verkehrsmittel in Deutschland und Luxemburg, wo Sie Ihre gew\u00fcnschten Fahrten und Verbindungen eingeben k\u00f6nnen.In Luxemburg ist der [&hellip;]<\/p>\n","protected":false},"author":1,"featured_media":0,"parent":0,"menu_order":0,"comment_status":"closed","ping_status":"closed","template":"","meta":{"footnotes":""},"class_list":["post-698","page","type-page","status-publish","hentry"],"_links":{"self":[{"href":"https:\/\/echternacherbrueck.info\/index.php?rest_route=\/wp\/v2\/pages\/698","targetHints":{"allow":["GET"]}}],"collection":[{"href":"https:\/\/echternacherbrueck.info\/index.php?rest_route=\/wp\/v2\/pages"}],"about":[{"href":"https:\/\/echternacherbrueck.info\/index.php?rest_route=\/wp\/v2\/types\/page"}],"author":[{"embeddable":true,"href":"https:\/\/echternacherbrueck.info\/index.php?rest_route=\/wp\/v2\/users\/1"}],"replies":[{"embeddable":true,"href":"https:\/\/echternacherbrueck.info\/index.php?rest_route=%2Fwp%2Fv2%2Fcomments&post=698"}],"version-history":[{"count":71,"href":"https:\/\/echternacherbrueck.info\/index.php?rest_route=\/wp\/v2\/pages\/698\/revisions"}],"predecessor-version":[{"id":2771,"href":"https:\/\/echternacherbrueck.info\/index.php?rest_route=\/wp\/v2\/pages\/698\/revisions\/2771"}],"wp:attachment":[{"href":"https:\/\/echternacherbrueck.info\/index.php?rest_route=%2Fwp%2Fv2%2Fmedia&parent=698"}],"curies":[{"name":"wp","href":"https:\/\/api.w.org\/{rel}","templated":true}]}}